59 + 23947 = -2*n. What is the thousands digit of n?
1
Let m = -763 + 392. What is the tens digit of (m/(-5))/(15/75)?
7
Let x = 26117 - 7796. What is the ten thousands digit of x?
1
What is the units digit of -10*-161*4 - 0/(-56)?
0
Suppose -27*c - 3213 = -44*c. Suppose -5*n - 229 = -5*f + 46, 0 = 3*f + 5*n - c. What is the units digit of f?
8
Let k(s) = s**2 + 12*s + 30. Let y be k(-14). Suppose 0 = y*q - 56*q - 1296. What is the units digit of q?
8
Let b = -11 + 23. Suppose 3*y - 7*y = -b. Suppose -u + 3*i = -5*u + 143, -5*u - y*i + 178 = 0. What is the tens digit of u?
3
Let t = 1373 + -940. Let x = t + 1. What is the units digit of x?
4
Suppose -467 = 4*p - 131. Let i = p - -85. What is the units digit of i?
1
Let u(f) be the first derivative of -f**4/4 - 5*f**3/3 - f**2/2 - 40*f - 36. Let y be u(-7). What is the units digit of ((-13)/y)/(2/(-10))?
1
Suppose -36954 = -2*d + 5*h, -107420 = -5*d - 5*h - 14930. What is the thousands digit of d?
8
Suppose 0 = 167*h - 173*h + 59016. What is the tens digit of h/28 + 2/(-7)?
5
Let y = -45358 - -52506. What is the tens digit of y?
4
Suppose -5*m + 5*g + 5 = 0, 3*g - 3 = 2*m - 2. Suppose -k + m*d = 3*k + 32, 0 = -k - 5*d + 10. What is the units digit of (55/k*(5 - 0))/(-1)?
5
Let p = 38 - 33. Suppose 4*x - 40 = 4*a, 4*a + 23 = 2*x + p*a. Let u = x + 84. What is the units digit of u?
5
Let o(x) = -226*x**3 - 58*x**2 - 262*x - 41. What is the thousands digit of o(-5)?
8
Let q = -9854 + 17268. What is the thousands digit of q?
7
Let s = -91 + 210. Let y = s + -59. Suppose -2*l - 12 = -y. What is the tens digit of l?
2
Let g be -1 + 0 - -5 - (13 - 1813). Suppose g = -b + 5*b. Suppose 16 = 4*y, -2*p - p + b = 4*y. What is the hundreds digit of p?
1
Let b(k) be the second derivative of 2*k**4 + k**3/3 + k**2 + 7*k. Let m be b(-1). Suppose -2*w + 8*w = m. What is the units digit of w?
4
Suppose 0 = k + n - 32, 3*n = 5*k + 4*n - 176. Suppose -3*d = -6*d + k. Suppose -d*q = -5*q - 497. What is the units digit of q?
1
Suppose -7867304 = -192*b - 1590073 + 2693585. What is the units digit of b?
3
Suppose 2*x - 18 = -3*g, -5*g = 2*x - 3*x - 30. Suppose -538 - 1496 = -g*a. What is the units digit of a?
9
Suppose -4*v - 46 = -654. Let p = 164 - v. What is the tens digit of p?
1
Suppose 16*s + 8 = 15*s. Let g(c) = c**2 + 9*c + 6. Let v be g(s). What is the units digit of (1 - v)*(-2 - -33)?
3
Suppose -5*u + 30 = -2*k + 6*k, k - 9 = -2*u. Suppose -5731 = u*s - 13*s. What is the hundreds digit of s?
5
Let g(r) = 29*r**3 + 140*r**2 + 5*r + 38. What is the tens digit of g(9)?
6
Suppose -3*v - i - 38 + 61 = 0, -25 = -5*v + 5*i. Suppose v*z - 53*z + 43792 = 0. What is the units digit of z?
2
Suppose 0 = 4*m + 2*j + 28, -7*j = 4*m - 2*j + 34. What is the tens digit of ((-2008)/(-14))/(m/(-21))?
0
Let x(u) = -7*u**3 - 11*u**2 - 14*u + 112. What is the units digit of x(-11)?
2
Let b(i) = -35*i - 88. Let u be 5 + (-13 - 30/5). What is the hundreds digit of b(u)?
4
Let r = -98 - -104. What is the tens digit of -826*(r/8)/(3/(-2))?
1
What is the tens digit of (-24)/(-3) - (-9475 - 75)?
5
Let a(d) be the second derivative of d**4 - d**3/3 - 8*d**2 - d + 8. What is the hundreds digit of a(6)?
4
Suppose 3*p - 1817 = 6*p - 5*a, -a = -p - 609. Let d = p + 750. What is the hundreds digit of d?
1
What is the hundreds digit of 4099/10 - (-24)/240?
4
Let m = 5393 + 980. What is the thousands digit of m?
6
Suppose 5*b + 40 = 4*u - 9, -3*b + 9 = 4*u. Suppose -17*z + 1903 = -u*z. What is the tens digit of z?
7
Let x(r) = -3*r + 29. Let q(t) = 5*t**3 + 2*t**2 - 1 + 2*t**3 + 0. Let l be q(1). What is the units digit of x(l)?
5
Let x(s) = 4*s**2 + 4*s - 8. Let r = 147 + -144. Suppose -5 = -r*i + 4*i. What is the tens digit of x(i)?
7
Let k(b) = -b. Let o be k(3). Let p be (o/2)/((-12)/(-72)). Let j(s) = s**3 + 10*s**2 + 3*s - 8. What is the tens digit of j(p)?
4
Let s be (-74824)/705 + (-4)/(-30). Let y = 387 - s. What is the tens digit of y?
9
Let h = -20 - 6. Suppose 18 = 4*l + 14*l. Let y = l - h. What is the tens digit of y?
2
Let z(b) = -b**2 + 19*b + 10. Let f be z(20). Let l = 22 + f. What is the units digit of (-516)/8*l/(-9)?
6
Let d = 16 + -5. Let f = 21 + d. Suppose f = 3*c - 7. What is the units digit of c?
3
Suppose 0 = 2*r + 18, 2*x - 84*r - 7147 = -79*r. What is the tens digit of x?
5
What is the tens digit of (803063/(-85) - 19)/(9/5 - 2)?
3
Suppose 1359119 = -374*z + 463*z. What is the tens digit of z?
7
Suppose -4*i - 2*h = -18, 10 = i + 2*i + 5*h. Suppose -5 + 247 = r. Suppose 0 = 5*d, i*d + r + 82 = 4*m. What is the units digit of m?
1
Suppose -269*b + 3727544 = -83*b - 4065298. What is the units digit of b?
7
Suppose 56*v = 4406 + 408619 - 26905. What is the hundreds digit of v?
8
Let n(k) = -85*k + 26. Let j(l) = 36*l - 13. Let m(b) = 5*j(b) + 2*n(b). Let d be (-1)/(-3) - (-46)/6. What is the units digit of m(d)?
7
Suppose -27*f = -29*f + 4. Let t = 10 + 2. Suppose -35 - t = -d - q, f = 2*q. What is the units digit of d?
6
Suppose d - 18972 = 2*c - 4393, -4*d - c = -58325. What is the thousands digit of d?
4
Let z(c) = -c + 2. Let g be z(2). Suppose 2*m = -r - 9, g*r = -r + 5. What is the units digit of ((-6)/m)/((-11)/(-462))?
6
Let c be 18/(-42)*-7 + 909. Let s = c + -24. What is the tens digit of s?
8
Suppose 4*d = 16*d - 60. Suppose -d*o + 1644 = 2*v, 3*o = -5*v + 5446 - 1336. What is the units digit of v?
2
Suppose 922*l - 1030*l = -2141748. What is the thousands digit of l?
9
Let c(k) be the third derivative of k**5/6 + 7*k**4/24 - k**3/6 + 45*k**2 - 1. What is the units digit of c(-1)?
2
Let j(x) = -5*x**3 - 207*x**2 + 64*x - 21. What is the hundreds digit of j(-42)?
5
Suppose 0 = -2*v + 1017 + 741. Suppose 3*j - v = -4*s + 3*s, 586 = 2*j - 3*s. What is the units digit of j?
3
Let v(h) = h**2 + 3*h. Let t(n) = -129*n**2 - 20*n + 2. Let f(c) = -t(c) - 6*v(c). What is the hundreds digit of f(1)?
1
Let r(d) = 445*d + 4. Let t be r(3). Let i = 2492 - t. What is the tens digit of i?
5
Suppose 7*a + 2*r - 31329 = 3690, -4*r = 2*a - 10026. What is the tens digit of a?
0
Suppose o = 5*i + 16, 4*o = -2*i - 3*i + 14. Let n = o + 39. Suppose -j - 2 = -n. What is the units digit of j?
3
Let m = 241 + -145. Let w be (1/(-2))/((-16)/m). Suppose 15 = 4*g - 2*c - 11, -5*c = w*g. What is the units digit of g?
5
Suppose -h + 16 - 17 = -y, 5*y + 25 = -5*h. What is the tens digit of ((-106)/(-8)*y)/((-34)/68)?
5
Let n(x) be the third derivative of x**4/24 + 3*x**3/2 - 4*x**2. Let s(k) = -k**2 + 11*k + 8. Let f be s(10). What is the tens digit of n(f)?
2
Let j(u) = 15*u + 6305. What is the units digit of j(-91)?
0
Let z(t) = -t + 1. Let n(c) = -4*c + 10. Let x(d) = n(d) - 6*z(d). Suppose 0 = 5*j - 5*k - 95, -j - 2*k + 7*k + 27 = 0. What is the tens digit of x(j)?
3
Let n = 1 - 11. Let s(d) = -2*d**2 - 13*d - 19. Let b be s(n). Let x = 248 + b. What is the tens digit of x?
5
Let f be (-1 - 12/(-8))*(-164 + 0). Let v = -74 - f. Suppose -v*m + 5*m = -123. What is the tens digit of m?
4
Suppose 28 - 64 = -2*s. Suppose 0 = -3*j + 5*c + s, 3*j - 8 = -3*c + 10. Suppose j*q - 66 = 5*q. What is the units digit of q?
6
Suppose 4*i - 10 = 2*i, -3*j = -5*i - 287. Let z = j - 72. Let o = z - 25. What is the units digit of o?
7
Suppose -44*m + 20*m + 864 = 0. What is the units digit of m/8*-62*(-12)/18?
6
Suppose 2*w - t = 41, -18 = -4*w + 3*w - 2*t. Let k(h) = 41*h - 120. What is the hundreds digit of k(w)?
7
Let u = 216 + -197. Let q(b) = b**3 - 17*b**2 - 31*b - 39. What is the tens digit of q(u)?
9
Suppose 0 = -15*q + 16*q - 874. Let w = q + -465. Let x = -251 + w. What is the units digit of x?
8
Let p = 99804 + -70713. What is the hundreds digit of p?
0
Let a = -301 - -30. What is the units digit of (-42)/35*a*5?
6
What is the ten thousands digit of (1647/(-162) + 6)*-13638?
5
Let k(p) = -p**3 - 9*p**2 + 9*p - 16. Let j be k(-10). Let m be (-278)/j + (-8)/24. Let x = 117 - m. What is the units digit of x?
1
Let y(s) = 10803*s + 220. What is the units digit of y(1)?
3
Let f = -2217 - -2414. Let x = 9 - 105. Let v = x + f. What is the hundreds digit of v?
1
Let o(w) = 26*w**3 + 33*w**2 - 59*w - 80. What is the units digit of o(11)?
0
Let c(d) = 24*d - 5. Suppose 2*k + 4*z - 52 = 0, 0 = z - 4 + 6. What is the units digit of c(k)?
5
Suppos